the prime factors of 2913982?
2, 71, 20521
What are the prime factors of 24008748?
2, 3, 601, 3329
List the prime factors of 5323453.
5323453
What are the prime factors of 1236136?
2, 11, 1277
List the prime factors of 152126.
2, 13, 5851
List the prime factors of 44505.
3, 5, 23, 43
List the prime factors of 10502889.
3, 17, 101, 2039
What are the prime factors of 3250270?
2, 5, 325027
List the prime factors of 728966.
2, 7, 52069
What are the prime factors of 7483306?
2, 3741653
List the prime factors of 1740163.
41, 42443
What are the prime factors of 341688?
2, 3, 23, 619
List the prime factors of 591213.
3, 7, 47, 599
What are the prime factors of 140927?
53, 2659
List the prime factors of 1027415.
5, 205483
What are the prime factors of 1166867?
13, 89759
List the prime factors of 333786.
2, 3, 55631
List the prime factors of 455960.
2, 5, 11399
What are the prime factors of 2233676?
2, 127, 4397
What are the prime factors of 9467925?
3, 5, 41, 3079
List the prime factors of 11045770.
2, 5, 313, 3529
What are the prime factors of 400433?
11, 59, 617
What are the prime factors of 304525?
5, 13, 937
List the prime factors of 5374543.
151, 35593
What are the prime factors of 2956839?
3, 985613
List the prime factors of 32717589.
3, 53, 347, 593
List the prime factors of 1449121.
1449121
What are the prime factors of 7402235?
5, 43, 34429
List the prime factors of 395617.
101, 3917
List the prime factors of 297867.
3, 99289
What are the prime factors of 434669?
593, 733
What are the prime factors of 329844?
2, 3, 27487
List the prime factors of 1135084.
2, 283771
What are the prime factors of 267571?
47, 5693
List the prime factors of 10012749.
3, 3337583
List the prime factors of 361705.
5, 72341
List the prime factors of 997930.
2, 5, 99793
List the prime factors of 43748.
2, 10937
List the prime factors of 2730877.
199, 13723
List the prime factors of 5826453.
3, 1942151
List the prime factors of 117360.
2, 3, 5, 163
List the prime factors of 223883.
11, 20353
List the prime factors of 39104182.
2, 13, 17, 88471
What are the prime factors of 1437825?
3, 5, 19, 1009
What are the prime factors of 5075888?
2, 19, 59, 283
List the prime factors of 212258.
2, 106129
List the prime factors of 19983034.
2, 31, 37, 281
List the prime factors of 6430504.
2, 803813
What are the prime factors of 414707?
414707
What are the prime factors of 193346?
2, 277, 349
What are the prime factors of 986068?
2, 17, 853
List the prime factors of 1108606.
2, 554303
What are the prime factors of 149856?
2, 3, 7, 223
List the prime factors of 1021899.
3, 340633
List the prime factors of 125973.
3, 13997
What are the prime factors of 18033905?
5, 3606781
List the prime factors of 74875.
5, 599
List the prime factors of 3272988.
2, 3, 43, 6343
List the prime factors of 19871297.
89, 223273
What are the prime factors of 2317913?
13, 178301
What are the prime factors of 5529661?
5529661
What are the prime factors of 3817867?
31, 107, 1151
What are the prime factors of 143731?
7, 20533
List the prime factors of 1826655.
3, 5, 47, 2591
What are the prime factors of 773691?
3, 29, 8893
What are the prime factors of 3905865?
3, 5, 29, 41, 73
List the prime factors of 998372.
2, 249593
List the prime factors of 270947.
29, 9343
List the prime factors of 980853.
3, 326951
What are the prime factors of 5763045?
3, 5, 384203
List the prime factors of 5911775.
5, 236471
What are the prime factors of 126219?
3, 42073
What are the prime factors of 27190240?
2, 5, 7, 11, 2207
List the prime factors of 10498313.
7, 1499759
What are the prime factors of 453984?
2, 3, 4729
What are the prime factors of 4827524?
2, 13, 17, 43, 127
What are the prime factors of 211881?
3, 70627
What are the prime factors of 198797?
19, 10463
What are the prime factors of 2814299?
17, 19, 8713
What are the prime factors of 23269806?
2, 3, 7, 3769
What are the prime factors of 6047696?
2, 377981
List the prime factors of 2772639.
3, 239, 1289
List the prime factors of 819261.
3, 19, 1597
What are the prime factors of 163399?
53, 3083
List the prime factors of 3357069.
3, 29, 47, 821
What are the prime factors of 157350?
2, 3, 5, 1049
What are the prime factors of 1523904?
2, 3, 7937
List the prime factors of 2281669.
13, 23, 587
What are the prime factors of 306092?
2, 59, 1297
List the prime factors of 28482307.
7, 433, 9397
List the prime factors of 6619311.
3, 735479
What are the prime factors of 2827739?
227, 12457
List the prime factors of 1831128.
2, 3, 13, 5869
What are the prime factors of 445436?
2, 19, 5861
What are the prime factors of 476127?
3, 52903
What are the prime factors of 1950281?
311, 6271
What are the prime factors of 3475263?
3, 11, 53, 1987
What are the prime factors of 904140?
2, 3, 5, 5023
List the prime factors of 4694362.
2, 257, 9133
What are the prime factors of 10804380?
2, 3, 5, 180073
List the prime factors of 31050.
2, 3, 5, 23
What are the prime factors of 4163259?
3, 113, 12281
List the prime factors of 17836085.
5, 3567217
List the prime factors of 682375.
5, 53, 103
List the prime factors of 3539300.
2, 5, 35393
List the prime factors of 1674963.
3, 186107
List the prime factors of 60895.
5, 19, 641
What are the prime factors of 181135?
5, 17, 2131
What are the prime factors of 1066684?
2, 266671
List the prime factors of 11220442.
2, 17, 523, 631
List the prime factors of 8129960.
2, 5, 203249
List the prime factors of 286930.
2, 5, 7, 4099
What are the prime factors of 236322?
2, 3, 19, 691
What are the prime factors of 1064587?
1064587
What are the prime factors of 7939224?
2, 3, 31, 3557
List the prime factors of 7538579.
29, 191, 1361
List the prime factors of 6400867.
11, 659, 883
What are the prime factors of 18542?
2, 73, 127
What are the prime factors of 4367259?
3, 13, 163, 229
List the prime factors of 1235561.
227, 5443
What are the prime factors of 21615813?
3, 1489, 1613
What are the prime factors of 357517?
357517
What are the prime factors of 212662?
2, 106331
What are the prime factors of 238523?
97, 2459
List the prime factors of 10855574.
2, 19, 285673
List the prime factors of 4315031.
7, 616433
List the prime factors of 22442482.
2, 17, 660073
List the prime factors of 38486.
2, 7, 2749
List the prime factors of 1477503.
3, 181, 907
What are the prime factors of 1189262?
2, 587, 1013
What are the prime factors of 1489608?
2, 3, 17, 1217
What are the prime factors of 3315746?
2, 7, 163, 1453
List the prime factors of 65334.
2, 3, 10889
What are the prime factors of 6760208?
2, 7, 13, 4643
What are the prime factors of 802130?
2, 5, 7, 1637
What are the prime factors of 12419606?
2, 6209803
List the prime factors of 10901100.
2, 3, 5, 7, 29, 179
What are the prime factors of 651254?
2, 325627
List the prime factors of 150910.
2, 5, 15091
List the prime factors of 21023.
21023
List the prime factors of 5484429.
3, 67709
List the prime factors of 178347.
3, 13, 17, 269
List the prime factors of 27809.
27809
List the prime factors of 2920.
2, 5, 73
What are the prime factors of 829544?
2, 97, 1069
What are the prime factors of 569114?
2, 7, 13, 53, 59
What are the prime factors of 168495?
3, 5, 47, 239
What are the prime factors of 38219218?
2, 31, 616439
What are the prime factors of 2347356?
2, 3, 11, 17783
What are the prime factors of 1771018?
2, 885509
List the prime factors of 131601.
3, 43867
What are the prime factors of 1440418?
2, 7, 137, 751
What are the prime factors of 804954?
2, 3, 19, 23, 307
List the prime factors of 4260427.
19, 224233
What are the prime factors of 11028089?
101, 137, 797
What are the prime factors of 67318?
2, 97, 347
What are the prime factors of 966544?
2, 193, 313
What are the prime factors of 6269630?
2, 5, 626963
List the prime factors of 4821610.
2, 5, 71, 6791
List the prime factors of 12390904.
2, 83, 18661
List the prime factors of 9349951.
13, 719227
List the prime factors of 352514.
2, 43, 4099
List the prime factors of 393906.
2, 3, 65651
What are the prime factors of 858605?
5, 11, 67, 233
What are the prime factors of 5339?
19, 281
What are the prime factors of 2061829?
7, 11, 26777
What are the prime factors of 1062404?
2, 7, 19, 1997
List the prime factors of 1640239.
823, 1993
What are the prim